en 85 is divided by 50?
35
Calculate the remainder when 253 is divided by 121.
11
Calculate the remainder when 225 is divided by 85.
55
What is the remainder when 399 is divided by 300?
99
What is the remainder when 438 is divided by 222?
216
What is the remainder when 58 is divided by 42?
16
What is the remainder when 223 is divided by 56?
55
What is the remainder when 4700 is divided by 1171?
16
Calculate the remainder when 1158 is divided by 577.
4
Calculate the remainder when 430 is divided by 145.
140
What is the remainder when 15 is divided by 5?
0
What is the remainder when 4348 is divided by 10?
8
Calculate the remainder when 130 is divided by 36.
22
Calculate the remainder when 90 is divided by 86.
4
What is the remainder when 523 is divided by 35?
33
Calculate the remainder when 99 is divided by 63.
36
What is the remainder when 201 is divided by 34?
31
Calculate the remainder when 685 is divided by 16.
13
Calculate the remainder when 338 is divided by 109.
11
Calculate the remainder when 448 is divided by 152.
144
What is the remainder when 137 is divided by 31?
13
Calculate the remainder when 240 is divided by 83.
74
Calculate the remainder when 309 is divided by 111.
87
Calculate the remainder when 2546 is divided by 52.
50
What is the remainder when 265 is divided by 129?
7
What is the remainder when 1725 is divided by 9?
6
What is the remainder when 2660 is divided by 222?
218
What is the remainder when 537 is divided by 17?
10
What is the remainder when 330 is divided by 177?
153
Calculate the remainder when 1449 is divided by 4.
1
Calculate the remainder when 125 is divided by 13.
8
Calculate the remainder when 3773 is divided by 37.
36
What is the remainder when 162 is divided by 40?
2
What is the remainder when 472 is divided by 177?
118
Calculate the remainder when 55 is divided by 14.
13
Calculate the remainder when 4151 is divided by 92.
11
What is the remainder when 10185 is divided by 36?
33
What is the remainder when 4599 is divided by 30?
9
Calculate the remainder when 1325 is divided by 148.
141
What is the remainder when 390 is divided by 42?
12
What is the remainder when 281 is divided by 15?
11
Calculate the remainder when 2330 is divided by 51.
35
What is the remainder when 767 is divided by 358?
51
What is the remainder when 126 is divided by 10?
6
What is the remainder when 1158 is divided by 40?
38
What is the remainder when 1748 is divided by 357?
320
What is the remainder when 159 is divided by 27?
24
Calculate the remainder when 2111 is divided by 105.
11
What is the remainder when 651 is divided by 106?
15
Calculate the remainder when 427 is divided by 10.
7
Calculate the remainder when 936 is divided by 27.
18
What is the remainder when 2956 is divided by 74?
70
What is the remainder when 284 is divided by 21?
11
Calculate the remainder when 63 is divided by 40.
23
What is the remainder when 980 is divided by 195?
5
Calculate the remainder when 829 is divided by 13.
10
What is the remainder when 1572 is divided by 156?
12
What is the remainder when 305 is divided by 143?
19
Calculate the remainder when 677 is divided by 12.
5
What is the remainder when 187 is divided by 7?
5
What is the remainder when 197 is divided by 53?
38
What is the remainder when 333 is divided by 48?
45
Calculate the remainder when 3070 is divided by 19.
11
Calculate the remainder when 155 is divided by 33.
23
What is the remainder when 914 is divided by 58?
44
Calculate the remainder when 701 is divided by 338.
25
Calculate the remainder when 148 is divided by 56.
36
What is the remainder when 178 is divided by 30?
28
Calculate the remainder when 587 is divided by 119.
111
Calculate the remainder when 552 is divided by 37.
34
Calculate the remainder when 67 is divided by 15.
7
What is the remainder when 161 is divided by 22?
7
Calculate the remainder when 757 is divided by 76.
73
What is the remainder when 2931 is divided by 4?
3
What is the remainder when 18892 is divided by 67?
65
Calculate the remainder when 4210 is divided by 108.
106
Calculate the remainder when 576 is divided by 58.
54
What is the remainder when 102 is divided by 15?
12
What is the remainder when 118 is divided by 1?
0
Calculate the remainder when 733 is divided by 107.
91
Calculate the remainder when 110 is divided by 43.
24
What is the remainder when 500 is divided by 99?
5
What is the remainder when 3346 is divided by 3344?
2
Calculate the remainder when 7926 is divided by 31.
21
What is the remainder when 2042 is divided by 146?
144
Calculate the remainder when 270 is divided by 71.
57
Calculate the remainder when 1005 is divided by 198.
15
Calculate the remainder when 531 is divided by 106.
1
What is the remainder when 1115 is divided by 348?
71
What is the remainder when 162 is divided by 41?
39
Calculate the remainder when 2553 is divided by 12.
9
Calculate the remainder when 594 is divided by 175.
69
Calculate the remainder when 124 is divided by 88.
36
What is the remainder when 238 is divided by 61?
55
Calculate the remainder when 734 is divided by 720.
14
Calculate the remainder when 57 is divided by 15.
12
What is the remainder when 108 is divided by 26?
4
Calculate the remainder when 4371 is divided by 111.
42
Calculate the remainder when 333 is divided by 12.
9
What is the remainder when 94 is divided by 55?
39
Calculate the remainder when 535 is divided by 24.
7
Calculate the remainder when 1242 is divided by 24.
18
What is the remainder when 771 is divided by 65?
56
What is the remainder when 593 is divided by 151?
140
What is the remainder when 2628 is divided by 331?
311
Calculate the remainder when 373 is divided by 17.
16
What is the remainder when 80 is divided by 22?
14
Calculate the remainder when 112 is divided by 101.
11
What is the remainder when 10070 is divided by 7?
4
What is the remainder when 867 is divided by 11?
9
Calculate the remainder when 225 is divided by 72.
9
Calculate the remainder when 18 is divided by 12.
6
Calculate the remainder when 575 is divided by 161.
92
Calculate the remainder when 162 is divided by 32.
2
Calculate the remainder when 2294 is divided by 751.
41
Calculate the remainder when 24601 is divided by 139.
137
What is the remainder when 2045 is divided by 6?
5
Calculate the remainder when 2774 is divided by 460.
14
What is the remainder when 23 is divided by 18?
5
Calculate the remainder when 591 is divided by 27.
24
Calculate the remainder when 126 is divided by 39.
9
What is the remainder when 12718 is divided by 48?
46
What is the remainder when 224 is divided by 34?
20
Calculate the remainder when 411 is divided by 134.
9
What is the remainder when 643 is divided by 129?
127
Calculate the remainder when 106 is divided by 12.
10
Calculate the remainder when 131 is divided by 42.
5
Calculate the remainder when 378 is divided by 61.
12
What is the remainder when 192 is divided by 51?
39
Calculate the remainder when 25343 is divided by 384.
383
Calculate the remainder when 131 is divided by 19.
17
What is the remainder when 471 is divided by 21?
9
Calculate the remainder when 77 is divided by 57.
20
What is the remainder when 1589 is divided by 30?
29
Calculate the remainder when 1767 is divided by 77.
73
What is the remainder when 81 is divided by 14?
11
What is the remainder when 898 is divided by 15?
13
Calculate the remainder when 59 is divided by 13.
7
What is the remainder when 1063 is divided by 136?
111
Calculate the remainder when 128 is divided by 65.
63
What is the remainder when 331 is divided by 108?
7
Calculate the remainder when 219 is divided by 178.
41
What is the remainder when 47 is divided by 14?
5
What is the remainder when 128 is divided by 34?
26
What is the remainder when 905 is divided by 70?
65
Calculate the remainder when 403 is divided by 69.
58
Calculate the remainder when 882 is divided by 26.
24
What is the remainder when 159 is divided by 20?
19
Calculate the remainder when 391 is divided by 156.
79
Calculate the remainder when 83 is divided by 34.
15
What is the remainder when 111 is divided by 25?
11
What is the remainder when 369 is divided by 144?
81
What is the remainder when 5334 is divided by 382?
368
What is the remainder when 366 is divided by 74?
70
What 